-1
What is -2 + 25 + -38 - (-5 + 0)?
-10
What is 3 + -15 - (54 + -81)?
15
Evaluate 45 + -55 - (12 - 1) - (-4 - 3).
-14
What is the value of 50 + -74 + -5 + 11?
-18
Evaluate (-4 - 0) + (11 + -7 + -6 - -7).
1
What is the value of -40 - (23 - 64) - (-33 + (-2 - -5))?
31
What is 4 - -11 - (-4 - (10 + -8))?
21
What is the value of -47 + (1 - -40) - (0 - 0)?
-6
Calculate -44 + 18 - (-39 + 43).
-30
4 - (1 + 30 - (-32 - -34)) - -4
-21
Calculate (-11 - -22 - 4) + (5 - 0).
12
Evaluate (-8 - (-7 - (-3 - 4))) + 16.
8
(58 - 9) + -10 + -15
24
Evaluate -14 - -1 - (23 - (-3 - -33)).
-6
What is -8 - (20 - (18 + 5))?
-5
What is the value of 19 - 1 - (8 + 2 + -5)?
13
What is 7 + 9 + (-23 - -17) + (0 - 0)?
10
Calculate (1 - 0) + (27 - (9 + (-17 - -12))).
24
Calculate 11 - (3 + (1 - (0 + 9)) + 9).
7
Calculate (12 - (26 + -1)) + (-3 - -2).
-14
(-5 - -10 - -2 - 6) + -32 + 6
-25
What is 1 + 0 + 13 + (-14 - -9 - 0)?
9
Calculate 1 + -4 + -31 + -4 + 31 + -17.
-24
Evaluate -2 + -4 + -7 + 19 + (-20 - -7).
-7
What is the value of -42 + (8 - -28) - (2 + -1 + 6)?
-13
Evaluate 1 + 8 - (-3 + 0 - -2 - 2).
12
Calculate -9 - (-2 + 0 + -2 + 8 + 4).
-17
1 + -10 - (-6 + -3 - (120 - 127))
-7
-1 + 1 + 5 + 2 + -6 + -3
-2
11 - ((-5 - -9) + -9)
16
1 - 2 - (-22 - -19) - (74 + -69)
-3
3 - -1 - ((13 - 0) + 1 + -7)
-3
What is the value of -8 + (-5 + -6 - (-1 + 18 + -33))?
-3
Evaluate (6 - -2) + 4 + -17.
-5
What is 1 - -18 - (12 + -16 + 13)?
10
Evaluate 2 + (-210 - -218) + (2 - (0 + 1)).
11
Evaluate 19 + 0 + (-11 + 3 - (33 - 32)).
10
Evaluate (35 - (34 - 21)) + 1 + -12.
11
What is -8 + (63 + -35 - 25)?
-5
What is 12 - -14 - 13 - 4?
9
What is the value of -28 + (3 - (3 - 1)) + (46 - 43)?
-24
Calculate 19 - (15 + 2) - (-1 - 20).
23
What is -3 + 4 + 10 + 2 + -31?
-18
What is the value of 13 + -39 - -19 - (4 - 2 - -4)?
-13
Calculate -14 + 30 - -5 - 39.
-18
Evaluate -11 - (10 + -22 + 7) - (-1 - 21).
16
Evaluate 10 + -2 + (-4 + 6 - 14 - -7).
3
What is the value of 11 - (-4 - (-8 - -2) - 3)?
12
Evaluate 0 - (5 + -6 + 1 + 2).
-2
-4 + 11 - (-3 - -9 - -8)
-7
What is -25 - (40 - 22 - 34)?
-9
Evaluate 14 - (50 - 15 - 14).
-7
-15 + 3 - (-4 + 13 - (6 + -4))
-19
What is the value of (-20 - -17) + -19 - (1 + -4)?
-19
Evaluate 8 - (31 - 8) - -7.
-8
What is -1 + -15 + 16 + 5?
5
1 + -2 - (13 + (-29 - -13))
2
What is the value of 3 + -32 + -113 + 142?
0
What is (-24 - -41) + -46 + -3 + 16?
-16
22 + -7 - 32 - -31
14
Calculate (-2 - (-8 - -2)) + 8 + (12 - 16).
8
-41 - -33 - (-7 + (3 - -1))
-5
What is the value of (4 - (8 + -2)) + 13?
11
-9 - (11 - 7) - (-5 + 0)
-8
Evaluate (-9 - (0 - 2)) + 4 + (-12 - -3).
-12
What is the value of 23 - (53 + 1 + -18)?
-13
What is the value of -12 + (18 - (-6 - -11)) + -3?
-2
What is 1 + -1 - (-10 + 6 + 28)?
-24
-21 + (-10 - 6) + 15
-22
What is -14 + 1 + (11 - -4) + 7?
9
-14 - (2 + 8 + -15)
-9
What is -192 - -204 - (1 + 8)?
3
Calculate -1 - (-2 + 5 + -13) - (41 + -26).
-6
What is the value of -7 - 2 - (69 + -69) - -25?
16
-7 - (-3 + (-1 - 1) + 1)
-3
Calculate 64 + -61 - (-7 - 5).
15
What is -4 + -1 + (-7 + 6 - -7) + 4?
5
-16 - (-9 - -3) - -5
-5
What is the value of -7 + 6 - (-27 + 35) - (-17 - 1)?
9
Calculate (-20 + -9 - -8) + 9.
-12
Calculate 108 + -117 - (-16 + 2).
5
13 + 0 - ((-79 - -173) + -50)
-31
Evaluate (6 - (5 - (1 - (2 + 1)))) + -4.
-5
Calculate 15 + (-38 - -1) + 3.
-19
16 + (-7 - -2) + -8 + 2
5
7 + 1 + (15 + -4 - 16)
3
What is (13 - 1 - 3) + (60 - 71)?
-2
Evaluate 47 + -21 + -80 - -30.
-24
-28 - -6 - -26 - 20
-16
Calculate -9 - (-6 - (-3 - -14)).
8
Evaluate -42 - ((-31 - -31) + -34).
-8
Calculate -2 - (16 + -4 + -1).
-13
What is 1 + (20 - 24 - (-1 + -1))?
-1
Evaluate 16 + -23 + 8 + 8.
9
What is the value of (4 - 1) + 3 + 5?
11
Evaluate (12 - (-1 + 20)) + 3.
-4
What is (-29 - -25) + (-5 - 0)?
-9
Calculate 39 + -18 + (2 - 4).
19
Evaluate 1 + -3 + 0 - (-46 - -51).
-7
Evaluate -7 + -3 + 7 - 3 - (-42 + 35).
1
Evaluate -12 + 25 + 3 + -36.
-20
Calculate -42 - -77 - 63 - -31.
3
What is the value of 25 + -10 + 0 + (1 - -4)?
20
Calculate -18 + -31 + 19 - ((0 - 2) + -6).
-22
What is 21 - (4 + -32 + 28 + 0 + 7)?
14
What is the value of -35 + 8 + (-25 - -52)?
0
Calculate 15 + -22 + 13 + 7.
13
What is the value of 5 - 11 - 1 - (13 - 14) - -18?
12
What is -19 + 24 + (2 - (2 + -4) - -4)?
13
Evaluate -2 + 1 - (116 + -112).
-5
Calculate -11 - (19 - 17) - (-1 - 3).
-9
Evaluate 22 + (-17 - (2 + 8 + -18)).
13
21 - ((38 - 8) + -5)
-4
Evaluate 2 - (2 - -10) - (-35 - -31) - -7.
1
Evaluate 33 - (81 + 2) - -27.
-23
What is the value of -8 + (23 - (43 + -19))?
-9
Calculate -5 - (-1 + -1 + 3 + (-36 - -36)).
-6
-6 - (-25 + -2 + 11)
10
Calculate 2 + -27 + (-27 - -23) - 6 - -10.
-25
What is the value of 62 - 101 - (-17 - (-1 + 0))?
-23
Evaluate 8 - 19 - -2 - (0 + 1).
-10
What is (-2 - (-3 + -9)) + -164 + 137?
-17
(-983 - -969) + 7 + 0
-7
Calculate 6 + -11 + 10 + -5 + -3 + 22.
19
Evaluate (8 - 1) + (-33 - (-17 - 3)) - 16.
-22
Evaluate 13 + (10 - 10) + -19 + 4.
-2
Evaluate 9 - (9 + -27 - -9).
18
Calculate 6 - (-17 - (-19 + 12)).
16
5 + -2 + (1 - 6) + 7 + -2
3
Evaluate (15 - (-5 - -26)) + 13.
7
What is 1 + (-1 + -2 - (2 + 1 - 2))?
-3
What is the value of -1 + 3 + 63 + -53?
12
What is the value of -8 - ((-6 - (-11 - -9)) + -1 + 19)?
-22
What is the value of -6 - (3 - 6) - (1 + 0)?
-4
What is -2 + 1 + -81 + 96?
14
7 - (7 - ((-6 - -1) + -25 + 14))
-16
Evaluate (-231 - -248) + (-16 - -2).
3
What is -952 + 955 + (-1 - (-18 + 0))?
20
Calculate (2 + -24 - -12) + 11.
1
Evaluate -10 + (27 - (35 + -16)).
-2
What is the value of (0 - -7) + -23 + (-8 - -25)?
1
What is 2 + -3 + (6 - 4) - 4 - -1?
-2
What is 15 - (3 + -6 + (-14 - -9))?
23
(-3 - -3) + 18 + -35 - (-1 - -7)
-23
Calculate (19 - (20 + 0)) + 38.
37
What is -76 + 70 - (-14 + -3)?
11
(-1 - -4) + (-4 - 1 - 1 - -12)
9
What is the value of 11 - (19 + -16 + 2)?
6
(26 - 20) + 0 + -24
-18
What is -11 + -1 + (-49 - -105 - 44)?
0
Calculate -18 + 36 + (-52 - (13 - 8)).
-39
Evaluate 9 - (-3 + -1 + (-2 - -10) + -3).
8
What is -2 + -47 + 67 - -9?
27
What is (0 - -11) + (-74 + 30 - -60)?
27
-29 - (9 - 30 - 7)
-1
Evaluate 2 - (-1 + 9) - (87 + -89).
-4
Evaluate 0 + 19 - (1244 - 1233).
8
What is -2 + -16 + -53 + (100 - 56)?
-27
What is (-49 - 23) + 70 + 36 + 1?
35
17 - (-25 - -45 - (2 + 7))
6
What is (-11 - (-17 + 16)) + (-1 - 0 - -5)?
-6
-62 + 67 + -16 + 1
-10
What is (22 + -37 - (-2 - 2)) + 3?
-8
Evaluate -25 + 3 + 95 + -86.
-13
What is 8 - (1 + -8) - (-3 + 6)?
12
What is -1 + 11 - (-19 - -17 - 3)?
15
What is 15 + (5 - 5 - 2)?
13
Calculate -15 - (((-6 - -8) + 7 - 3) + -6).
-15
-11 + (3 - (8 + -9 + 3) - -3)
-7
Evaluate 0 - (-3 - (2 + -11)).
-6
Evaluate -17 + (6 - (0 + 3)) + 5.
-9
What is (50 - 45) + (4 - 3) + 2 + 2?
10
(-19 + -15 - -2 - (2 - 2)) + 10
-22
What is the value of -2 + ((1 - -2 - -3) + -6 - 6)?
-8
Calculate -3 - (-4 + 6 + 5 + -2) - 0.
-8
What is the value of 8 + (-7 - 5) - (2 + 6) - -7?
-5
-5 + (0 - (-26 - -3))
18
Evaluate (18 - 25) + 28 + -10 - (-1 + -21).
33
-2 + -1 + (350 - 347)
0
What is (1 - -2 - (-13 + 3)) + (-1 - 0)?
12
Calculate 14 - (-11 - (-11 + -14)) - 2.
-2
What is 625 + -628 + 2 + (-14 - -2)?
-13
-2 - -4 - -5 - 7
0
Evaluate (7 - -43) + (-261 - -247 - (-5 + 1)).
40
Calculate 0 + 9 - ((5 + -6 - 4) + 22).
-8
What is -3 + (4 - (-15 - -15)) - 9?
-8
What is the value of -4 - (-17 + -8 + 13)?
8
Calculate -27 - (-26 - (-28 + 30)).
1
Calculate ((-29 - -13) + 60 - 2) + -9.
33
Calculate -12 + (-12 - 0 - (-5 - 20)).
1
Evaluate (29 - (9 - (-8 - -9 - -4))) + -8.
17
Calculate (-30 - -34) + (2 - (2 + 1 + -3)).
6
What is the value of -9 - -1 - (22 + -36 - -26)?
-20
-4 + -7 + 5 + (-4 + 6 - 0)
-4
What is -11 + (24 - 11) + (17 - -2)?
21
Evaluate (-2 - (5 - 13)) + -7 - -4.
3
What is the value of 9 + 16 + -27 - (2 + -2 + 7)?
-9
What is (7 - ((5 - 9) + 1 - -3)) + 8?
15
Calculate 2 + 3 + -3 + 4 - (143 - 149).
12
Evaluate 2 + 5 + -18 + (12 - -8).
9
-15 - (-14 + (23 - -9) + -9)
-24
What is the value of -2 - (5 - 0 - 3)?
-4
What is (17 - 1) + 13 + -22 + -18?
-11
Evaluate -37 + 18 + -4 + 11.
-12
12 + -50 - (-18 + 0)
-20
Evaluate -12 + (34 - -42) + -30.
34
-5 + -3 + 46 + -32 + -15
-9
Calculate (16 - -12) + -13 + -1 + 2 + -7.
9
(-16 - -22) + -4 + 4 + -24
-18
-9 + -3 + (-5 + 22 - 14)
-9
What is the value of 11 + (9 - (20 - (-4 - -14)))?
10
33 + -18 + -31 + -8
-24
What is -7 + -